number?
True
Is 407472313 a prime number?
True
Is 7898319109 prime?
True
Is 25730271607 composite?
False
Is 39239238659 composite?
True
Is 6889008817 prime?
False
Is 10082297437 composite?
False
Is 9388977187 prime?
True
Is 284726371 composite?
True
Is 49911250979 prime?
True
Is 11469620081 composite?
True
Is 33037187 a prime number?
False
Is 68202863 composite?
False
Is 24697249585 prime?
False
Is 39354901649 a prime number?
False
Is 34368072493 composite?
False
Is 40681758199 composite?
False
Is 24481933921 prime?
False
Is 1889897063 a composite number?
True
Is 11800607969 composite?
True
Is 799268849 prime?
True
Is 17244591587 a prime number?
True
Is 118783240969 composite?
True
Is 109868601851 a prime number?
True
Is 13376211683 prime?
False
Is 289886911 composite?
False
Is 10142273623 a prime number?
False
Is 19375697021 a composite number?
False
Is 4056937321 a composite number?
False
Is 1769491727 composite?
False
Is 1473469351 prime?
True
Is 3216085441 composite?
True
Is 6238658431 composite?
False
Is 16357944263 a prime number?
False
Is 27138513293 composite?
False
Is 35978381861 composite?
False
Is 27754967291 a composite number?
False
Is 555092149 a composite number?
True
Is 894501689 a prime number?
True
Is 2831044829 prime?
True
Is 2222273453 a composite number?
True
Is 10139372939 prime?
False
Is 810832717 a composite number?
False
Is 378406199 prime?
True
Is 11522555879 composite?
False
Is 3415764167 a prime number?
True
Is 44867827451 prime?
False
Is 53789006981 prime?
True
Is 49708091 prime?
False
Is 75101941 composite?
False
Is 824185057 prime?
True
Is 6466951367 a prime number?
False
Is 953767699 composite?
True
Is 296901289 a composite number?
True
Is 1623436621 composite?
True
Is 24761472167 a prime number?
True
Is 4694456479 a composite number?
True
Is 118091292961 prime?
True
Is 9092394163 a composite number?
True
Is 11835502597 a composite number?
True
Is 253080979 prime?
True
Is 5520108851 a composite number?
True
Is 21791011021 a prime number?
False
Is 16810380373 a composite number?
False
Is 18012260077 a composite number?
True
Is 10518536783 a composite number?
False
Is 7129731517 a composite number?
False
Is 1452527189 a prime number?
True
Is 5123464991 a prime number?
True
Is 12317778559 prime?
True
Is 10220299213 prime?
True
Is 6966048997 a prime number?
True
Is 2358324923 composite?
True
Is 14466492407 a prime number?
True
Is 7179645401 prime?
True
Is 21150619103 a composite number?
True
Is 60399607787 a composite number?
False
Is 1305850877 prime?
True
Is 54708152483 a prime number?
True
Is 262108229 a composite number?
False
Is 1892810651 prime?
False
Is 3232510055 composite?
True
Is 2104348291 a prime number?
True
Is 51714759491 a prime number?
True
Is 628996751 composite?
False
Is 11162108773 a composite number?
True
Is 1246814617 a prime number?
False
Is 6620035937 a prime number?
False
Is 34403048101 composite?
False
Is 30773670699 prime?
False
Is 387769859 prime?
False
Is 6659180621 prime?
True
Is 13992572773 a composite number?
False
Is 6877465867 a prime number?
False
Is 2034824069 a prime number?
True
Is 2483778929 prime?
True
Is 46054616821 prime?
True
Is 1703956273 a composite number?
False
Is 581069057 prime?
True
Is 6701086669 composite?
True
Is 682708042 a composite number?
True
Is 2888508853 a prime number?
False
Is 1099268461 prime?
False
Is 666798269 composite?
True
Is 10021432049 a composite number?
False
Is 26655389 a prime number?
True
Is 2230490621 prime?
False
Is 423556079 a prime number?
True
Is 263275211 a composite number?
False
Is 68174748371 composite?
True
Is 1571104943 a prime number?
False
Is 5261934439 a composite number?
False
Is 13091451959 composite?
False
Is 12797226179 prime?
False
Is 57827174107 a prime number?
True
Is 27242331121 a composite number?
True
Is 191274606841 prime?
False
Is 3169841053 prime?
True
Is 97439921 a prime number?
True
Is 7725127 a composite number?
False
Is 544282657 a prime number?
False
Is 116315027177 prime?
True
Is 21877480063 prime?
True
Is 505031893 composite?
False
Is 18429473399 composite?
False
Is 16402291 a prime number?
False
Is 1594828267 a composite number?
True
Is 2293404917 a composite number?
False
Is 4315568899 a prime number?
True
Is 1196953379 a prime number?
True
Is 42459922447 a prime number?
False
Is 3229726273 a composite number?
False
Is 1907926831 composite?
False
Is 368773939367 a prime number?
True
Is 6170790677 a prime number?
True
Is 853872233 prime?
False
Is 650143256483 a composite number?
True
Is 55252217999 prime?
False
Is 798534817 a composite number?
False
Is 5774675883 prime?
False
Is 100036397 a prime number?
True
Is 72651349 prime?
True
Is 23865659029 composite?
True
Is 820759631467 a prime number?
True
Is 59578767866 a prime number?
False
Is 100423130341 prime?
False
Is 76410116161 composite?
True
Is 1018731521 a prime number?
True
Is 3933306323 a prime number?
True
Is 38870569703 a composite number?
True
Is 28589881823 composite?
False
Is 200378311 prime?
False
Is 1711500581 a composite number?
True
Is 93592590853 composite?
False
Is 8146137941 a composite number?
False
Is 196599193079 composite?
False
Is 9419004451 a composite number?
False
Is 8019968653 a prime number?
False
Is 9876188603 a prime number?
True
Is 1479995389 a prime number?
False
Is 531785467 prime?
False
Is 5921831053 a composite number?
False
Is 118993577 a prime number?
False
Is 1948925233 prime?
True
Is 2866356641 a prime number?
False
Is 8938598873 a composite number?
False
Is 27403963831 a composite number?
True
Is 35710039991 prime?
False
Is 114882997 prime?
True
Is 264259973 a prime number?
True
Is 736245791 prime?
False
Is 743657461 a composite number?
True
Is 619511677 composite?
False
Is 4238001749 a prime number?
True
Is 217330766 prime?
False
Is 2629991693 composite?
True
Is 250913088241 a prime number?
False
Is 18767021433 a prime number?
False
Is 1284634607 a composite number?
False
Is 23630481319 composite?
False
Is 8475478241 composite?
False
Is 6176845429 a composite number?
True
Is 8641140337 a prime number?
False
Is 829322435 prime?
False
Is 36732648551 prime?
True
Is 1797031079 composite?
True
Is 101789785319 a prime number?
False
Is 51080409841 composite?
True
Is 37239904901 a prime number?
True
Is 28840418147 composite?
False
Is 779113382 composite?
True
Is 94702187 prime?
False
Is 5837625881 a prime number?
True
Is 8915379091 composite?
True
Is 1060314667 a prime number?
False
Is 77341631 composite?
True
Is 5176808383 a composite number?
False
Is 876714893 a composite number?
True
Is 662593567 prime?
True
Is 4132118483 composite?
True
Is 339455377 composite?
False
Is 28857017593 composite?
False
Is 2747009743 composite?
True
Is 1964050423 a prime number?
False
Is 932619791 a prime number?
True
Is 3199640029 a prime number?
True
Is 17572134029 a prime number?
False
Is 2616897755 a prime number?
False
Is 684991679 a prime number?
True
Is 2853108871 a composite number?
False
Is 44317074545 a composite number?
True
Is 258324905 prime?
False
Is 270881333 composite?
False
Is 4853527414 a prime number?
False
Is 272380312861 a prime number?
False
Is 57004513 composite?
False
Is 151105991 composite?
False
Is 2692461229 a composite number?
False
Is 14263039853 composite?
True
Is 6170047 a prime number?
False
Is 133690958099 a composite number?
False
Is 30949152671 a composite number?
False
Is 39732263 prime?
True
Is 15467246141 a prime number?
False
Is 62331645611 prime?
True
Is 94232591641 composite?
True
Is 346576083439 a composite number?
False
Is 102799605071 a prime number?
False
Is 2812393763 prime?
False
Is 549084043 prime?
False
Is 6939375557 a prime number?
True
Is 903564787 a composite number?
False
Is 489007471 a prime number?
False
Is 26377493711 composite?
False
Is 2496768611 composite?
True
Is 9178961893 prime?
True
Is 1461306001 composite?
False
Is 8270560807 a prime number?
True
Is 876295501 prime?
False
Is 1443005953 composite?
False
Is 15127897819 prime?
False
Is 202464829 composite?
True
Is 22924975823 a prime number?
True
Is 11161151747 a composite number?
False
Is 2368882641 a composite number?
True
Is 47123244121 prime?
True
Is 267341119 prime?
True
Is 1315645393 composite?
True
Is 63106971217 a prime num